11, 433
List the prime factors of 270.
2, 3, 5
List the prime factors of 26126.
2, 13063
What are the prime factors of 28316?
2, 7079
List the prime factors of 2725.
5, 109
List the prime factors of 17978.
2, 89, 101
List the prime factors of 5802.
2, 3, 967
What are the prime factors of 99780?
2, 3, 5, 1663
List the prime factors of 59159.
59159
What are the prime factors of 179?
179
What are the prime factors of 6782?
2, 3391
What are the prime factors of 1810?
2, 5, 181
What are the prime factors of 14863?
89, 167
List the prime factors of 42989.
42989
What are the prime factors of 559?
13, 43
List the prime factors of 869.
11, 79
What are the prime factors of 189305?
5, 37861
List the prime factors of 7183.
11, 653
What are the prime factors of 1577?
19, 83
What are the prime factors of 1930?
2, 5, 193
List the prime factors of 23398.
2, 11699
What are the prime factors of 62948?
2, 15737
List the prime factors of 6086.
2, 17, 179
What are the prime factors of 67535?
5, 13, 1039
What are the prime factors of 21277?
21277
List the prime factors of 18666.
2, 3, 17, 61
List the prime factors of 207.
3, 23
List the prime factors of 2124.
2, 3, 59
What are the prime factors of 1550?
2, 5, 31
What are the prime factors of 1714?
2, 857
What are the prime factors of 22718?
2, 37, 307
List the prime factors of 1118.
2, 13, 43
List the prime factors of 2107.
7, 43
List the prime factors of 243.
3
What are the prime factors of 75094?
2, 37547
What are the prime factors of 12468?
2, 3, 1039
List the prime factors of 2323.
23, 101
What are the prime factors of 26590?
2, 5, 2659
What are the prime factors of 33405?
3, 5, 17, 131
List the prime factors of 40459.
40459
List the prime factors of 5616.
2, 3, 13
List the prime factors of 15472.
2, 967
List the prime factors of 49659.
3, 16553
What are the prime factors of 337?
337
What are the prime factors of 66146?
2, 33073
List the prime factors of 12005.
5, 7
List the prime factors of 34233.
3, 11411
List the prime factors of 89949.
3, 29983
List the prime factors of 6378.
2, 3, 1063
List the prime factors of 271.
271
List the prime factors of 946.
2, 11, 43
List the prime factors of 1365.
3, 5, 7, 13
What are the prime factors of 52606?
2, 29, 907
List the prime factors of 530.
2, 5, 53
List the prime factors of 1288.
2, 7, 23
What are the prime factors of 1927?
41, 47
What are the prime factors of 3921?
3, 1307
List the prime factors of 168831.
3, 13, 37
List the prime factors of 2737.
7, 17, 23
List the prime factors of 1664.
2, 13
List the prime factors of 10658.
2, 73
List the prime factors of 29649.
3, 9883
What are the prime factors of 10806?
2, 3, 1801
What are the prime factors of 3?
3
List the prime factors of 4557.
3, 7, 31
What are the prime factors of 11045?
5, 47
List the prime factors of 8366.
2, 47, 89
What are the prime factors of 53713?
11, 19, 257
What are the prime factors of 46746?
2, 3, 7, 53
List the prime factors of 30026.
2, 15013
List the prime factors of 48725.
5, 1949
List the prime factors of 46730.
2, 5, 4673
What are the prime factors of 708?
2, 3, 59
What are the prime factors of 485?
5, 97
List the prime factors of 40696.
2, 5087
What are the prime factors of 8316?
2, 3, 7, 11
List the prime factors of 1617.
3, 7, 11
List the prime factors of 6026.
2, 23, 131
List the prime factors of 11125.
5, 89
What are the prime factors of 61693?
17, 19, 191
What are the prime factors of 21557?
21557
List the prime factors of 690.
2, 3, 5, 23
List the prime factors of 6447.
3, 7, 307
List the prime factors of 304.
2, 19
List the prime factors of 447.
3, 149
What are the prime factors of 7686?
2, 3, 7, 61
What are the prime factors of 79127?
67, 1181
List the prime factors of 828.
2, 3, 23
List the prime factors of 1141.
7, 163
List the prime factors of 476.
2, 7, 17
What are the prime factors of 18608?
2, 1163
List the prime factors of 134904.
2, 3, 7, 11, 73
What are the prime factors of 4366?
2, 37, 59
List the prime factors of 2866.
2, 1433
What are the prime factors of 55983?
3, 18661
List the prime factors of 1918.
2, 7, 137
What are the prime factors of 5059?
5059
List the prime factors of 89927.
19, 4733
What are the prime factors of 565?
5, 113
What are the prime factors of 4315?
5, 863
What are the prime factors of 250?
2, 5
What are the prime factors of 65718?
2, 3, 1217
List the prime factors of 1447.
1447
List the prime factors of 83086.
2, 41543
List the prime factors of 4997.
19, 263
What are the prime factors of 174217?
83, 2099
What are the prime factors of 46514?
2, 13, 1789
List the prime factors of 309.
3, 103
List the prime factors of 2770.
2, 5, 277
List the prime factors of 1598.
2, 17, 47
What are the prime factors of 2232?
2, 3, 31
List the prime factors of 91347.
3, 30449
What are the prime factors of 1329?
3, 443
List the prime factors of 20822.
2, 29, 359
List the prime factors of 1297.
1297
List the prime factors of 1350.
2, 3, 5
What are the prime factors of 77907?
3, 25969
List the prime factors of 3373.
3373
What are the prime factors of 1128?
2, 3, 47
List the prime factors of 13582.
2, 6791
List the prime factors of 93.
3, 31
List the prime factors of 148810.
2, 5, 23, 647
What are the prime factors of 37504?
2, 293
List the prime factors of 871.
13, 67
What are the prime factors of 6960?
2, 3, 5, 29
What are the prime factors of 571?
571
List the prime factors of 5220.
2, 3, 5, 29
What are the prime factors of 3644?
2, 911
What are the prime factors of 75195?
3, 5, 557
What are the prime factors of 4075?
5, 163
List the prime factors of 4019.
4019
What are the prime factors of 987?
3, 7, 47
List the prime factors of 10410.
2, 3, 5, 347
List the prime factors of 1184.
2, 37
List the prime factors of 9516.
2, 3, 13, 61
What are the prime factors of 295?
5, 59
What are the prime factors of 105604?
2, 17, 1553
List the prime factors of 11632.
2, 727
What are the prime factors of 5463?
3, 607
What are the prime factors of 113833?
67, 1699
List the prime factors of 863.
863
What are the prime factors of 138193?
11, 17, 739
What are the prime factors of 142272?
2, 3, 13, 19
List the prime factors of 36235.
5, 7247
What are the prime factors of 6234?
2, 3, 1039
What are the prime factors of 81851?
7, 11, 1063
List the prime factors of 510.
2, 3, 5, 17
List the prime factors of 85296.
2, 3, 1777
What are the prime factors of 14413?
7, 29, 71
What are the prime factors of 1057?
7, 151
What are the prime factors of 1619?
1619
List the prime factors of 780.
2, 3, 5, 13
List the prime factors of 2682.
2, 3, 149
What are the prime factors of 511?
7, 73
List the prime factors of 18.
2, 3
What are the prime factors of 1697?
1697
What are the prime factors of 16804?
2, 4201
What are the prime factors of 802?
2, 401
What are the prime factors of 3591?
3, 7, 19
What are the prime factors of 57761?
11, 59, 89
List the prime factors of 1014.
2, 3, 13
List the prime factors of 1133.
11, 103
List the prime factors of 27085.
5, 5417
What are the prime factors of 4576?
2, 11, 13
What are the prime factors of 658?
2, 7, 47
What are the prime factors of 1487?
1487
What are the prime factors of 2655?
3, 5, 59
What are the prime factors of 75327?
3, 7, 17, 211
List the prime factors of 27233.
113, 241
What are the prime factors of 29976?
2, 3, 1249
List the prime factors of 9146.
2, 17, 269
List the prime factors of 25667.
25667
What are the prime factors of 31875?
3, 5, 17
List the prime factors of 101780.
2, 5, 7, 727
List the prime factors of 18089.
18089
List the prime factors of 4704.
2, 3, 7
What are the prime factors of 3187?
3187
What are the prime factors of 958?
2, 479
What are the prime factors of 16267?
16267
List the prime factors of 35199.
3, 3911
List the prime factors of 2032.
2, 127
List the prime factors of 24060.
2, 3, 5, 401
List the prime factors of 97091.
79, 1229
What are the prime factors of 67087?
73, 919
What are the prime factors of 638?
2, 11, 29
What are the prime factors of 2123?
11, 193
What are the prime factors of 628?
2, 157
List the prime factors of 46552.
2, 11, 23
What are the prime factors of 11241?
3, 1249
List the prime factors of 2559.
3, 853
What are the prime factors of 58796?
2, 14699
List the prime factors of 6045.
3, 5, 13, 31
Wh